CRAN Package Check Results for Package pgee.mixed

Last updated on 2024-07-25 05:55:05 CEST.

Flavor Version Tinstall Tcheck Ttotal Status Flags
r-devel-linux-x86_64-debian-clang 0.1.0 32.05 39.48 71.53 NOTE
r-devel-linux-x86_64-debian-gcc 0.1.0 22.46 29.57 52.03 NOTE
r-devel-linux-x86_64-fedora-clang 0.1.0 114.87 NOTE
r-devel-linux-x86_64-fedora-gcc 0.1.0 102.02 NOTE
r-devel-windows-x86_64 0.1.0 28.00 69.00 97.00 NOTE
r-patched-linux-x86_64 0.1.0 29.58 36.66 66.24 NOTE
r-release-linux-x86_64 0.1.0 31.47 36.70 68.17 NOTE
r-release-macos-arm64 0.1.0 29.00 NOTE
r-release-macos-x86_64 0.1.0 43.00 NOTE
r-release-windows-x86_64 0.1.0 35.00 65.00 100.00 NOTE
r-oldrel-macos-arm64 0.1.0 38.00 NOTE
r-oldrel-macos-x86_64 0.1.0 51.00 NOTE
r-oldrel-windows-x86_64 0.1.0 35.00 79.00 114.00 NOTE

Check Details

Version: 0.1.0
Check: LazyData
Result: NOTE 'LazyData' is specified without a 'data' directory Flavors: r-devel-linux-x86_64-debian-clang, r-devel-linux-x86_64-debian-gcc, r-devel-linux-x86_64-fedora-clang, r-devel-linux-x86_64-fedora-gcc, r-devel-windows-x86_64, r-patched-linux-x86_64, r-release-linux-x86_64, r-release-macos-arm64, r-release-macos-x86_64, r-release-windows-x86_64, r-oldrel-macos-arm64, r-oldrel-macos-x86_64, r-oldrel-windows-x86_64

Version: 0.1.0
Check: compiled code
Result: NOTE File ‘pgee.mixed/libs/pgee.mixed.so’: Found no calls to: ‘R_registerRoutines’, ‘R_useDynamicSymbols’ It is good practice to register native routines and to disable symbol search. See ‘Writing portable packages’ in the ‘Writing R Extensions’ manual. Flavors: r-devel-linux-x86_64-fedora-clang, r-devel-linux-x86_64-fedora-gcc