Last updated on 2025-01-16 04:49:33 CET.
Flavor | Version | Tinstall | Tcheck | Ttotal | Status | Flags |
---|---|---|---|---|---|---|
r-devel-linux-x86_64-debian-clang | 1.1-12 | 7.26 | 28.53 | 35.79 | OK | |
r-devel-linux-x86_64-debian-gcc | 1.1-12 | 5.18 | 22.36 | 27.54 | OK | |
r-devel-linux-x86_64-fedora-clang | 1.1-12 | 57.28 | OK | |||
r-devel-linux-x86_64-fedora-gcc | 1.1-12 | 58.21 | OK | |||
r-devel-windows-x86_64 | 1.1-12 | 11.00 | 61.00 | 72.00 | OK | |
r-patched-linux-x86_64 | 1.1-12 | 7.51 | 27.29 | 34.80 | OK | |
r-release-linux-x86_64 | 1.1-12 | 7.01 | 27.46 | 34.47 | OK | |
r-release-macos-arm64 | 1.1-12 | 22.00 | OK | |||
r-release-macos-x86_64 | 1.1-12 | 32.00 | OK | |||
r-release-windows-x86_64 | 1.1-12 | 12.00 | 52.00 | 64.00 | OK | |
r-oldrel-macos-arm64 | 1.1-12 | 23.00 | OK | |||
r-oldrel-macos-x86_64 | 1.1-12 | 31.00 | NOTE | |||
r-oldrel-windows-x86_64 | 1.1-12 | 15.00 | 59.00 | 74.00 | OK |
Version: 1.1-12
Check: package dependencies
Result: NOTE
Package suggested but not available for checking: ‘ellipse’
Flavor: r-oldrel-macos-x86_64