CRAN Package Check Results for Package plotdap

Last updated on 2024-07-21 05:57:43 CEST.

Flavor Version Tinstall Tcheck Ttotal Status Flags
r-devel-linux-x86_64-debian-clang 1.0.3 41.09 388.27 429.36 OK
r-devel-linux-x86_64-debian-gcc 1.0.3 25.56 280.49 306.05 NOTE
r-devel-linux-x86_64-fedora-clang 1.0.3 542.58 OK
r-devel-linux-x86_64-fedora-gcc 1.0.3 515.67 OK
r-devel-windows-x86_64 1.0.3 31.00 269.00 300.00 NOTE --no-vignettes
r-patched-linux-x86_64 1.0.3 46.29 362.22 408.51 OK
r-release-linux-x86_64 1.0.3 24.19 362.83 387.02 OK
r-release-macos-arm64 1.0.3 124.00 OK
r-release-macos-x86_64 1.0.3 211.00 OK
r-release-windows-x86_64 1.0.3 32.00 231.00 263.00 OK --no-vignettes
r-oldrel-macos-arm64 1.0.3 127.00 OK
r-oldrel-macos-x86_64 1.0.3 265.00 OK
r-oldrel-windows-x86_64 1.0.3 43.00 257.00 300.00 OK --no-vignettes

Check Details

Version: 1.0.3
Check: Rd cross-references
Result: NOTE Found the following Rd file(s) with Rd \link{} targets missing package anchors: add_griddap.Rd: griddap add_tabledap.Rd: tabledap Please provide package anchors for all Rd \link{} targets not in the package itself and the base packages. Flavor: r-devel-linux-x86_64-debian-gcc

Version: 1.0.3
Flags: --no-vignettes
Check: Rd cross-references
Result: NOTE Found the following Rd file(s) with Rd \link{} targets missing package anchors: add_griddap.Rd: griddap add_tabledap.Rd: tabledap Please provide package anchors for all Rd \link{} targets not in the package itself and the base packages. Flavor: r-devel-windows-x86_64