CRAN Package Check Results for Package pmd

Last updated on 2024-07-14 05:53:40 CEST.

Flavor Version Tinstall Tcheck Ttotal Status Flags
r-devel-linux-x86_64-debian-clang 0.2.1 6.06 163.25 169.31 OK
r-devel-linux-x86_64-debian-gcc 0.2.1 5.58 122.45 128.03 OK
r-devel-linux-x86_64-fedora-clang 0.2.1 165.54 NOTE
r-devel-linux-x86_64-fedora-gcc 0.2.1 218.64 NOTE
r-devel-windows-x86_64 0.2.1 7.00 181.00 188.00 OK
r-patched-linux-x86_64 0.2.1 6.96 159.11 166.07 OK
r-release-linux-x86_64 0.2.1 4.33 159.13 163.46 OK
r-release-macos-arm64 0.2.1 80.00 OK
r-release-macos-x86_64 0.2.1 114.00 OK
r-release-windows-x86_64 0.2.1 7.00 169.00 176.00 OK
r-oldrel-macos-arm64 0.2.1 77.00 NOTE
r-oldrel-macos-x86_64 0.2.1 113.00 NOTE
r-oldrel-windows-x86_64 0.2.1 10.00 175.00 185.00 OK

Check Details

Version: 0.2.1
Check: data for non-ASCII characters
Result: NOTE Note: found 62 marked UTF-8 strings Flavors: r-devel-linux-x86_64-fedora-clang, r-devel-linux-x86_64-fedora-gcc

Version: 0.2.1
Check: package dependencies
Result: NOTE Package suggested but not available for checking: ‘MSnbase’ Flavors: r-oldrel-macos-arm64, r-oldrel-macos-x86_64