CRAN Package Check Results for Package polimetrics

Last updated on 2024-07-16 05:55:59 CEST.

Flavor Version Tinstall Tcheck Ttotal Status Flags
r-devel-linux-x86_64-debian-clang 1.2.1.14 4.69 44.07 48.76 OK
r-devel-linux-x86_64-debian-gcc 1.2.1.14 4.05 33.19 37.24 OK
r-devel-linux-x86_64-fedora-clang 1.2.1.14 65.70 NOTE
r-devel-linux-x86_64-fedora-gcc 1.2.1.14 61.67 NOTE
r-devel-windows-x86_64 1.2.1.14 7.00 53.00 60.00 OK
r-patched-linux-x86_64 1.2.1.14 4.00 41.24 45.24 OK
r-release-linux-x86_64 1.2.1.14 5.27 41.79 47.06 OK
r-release-macos-arm64 1.2.1.14 22.00 OK
r-release-macos-x86_64 1.2.1.14 33.00 OK
r-release-windows-x86_64 1.2.1.14 7.00 54.00 61.00 OK
r-oldrel-macos-arm64 1.2.1.14 24.00 OK
r-oldrel-macos-x86_64 1.2.1.14 32.00 OK
r-oldrel-windows-x86_64 1.2.1.14 8.00 57.00 65.00 OK

Check Details

Version: 1.2.1.14
Check: dependencies in R code
Result: NOTE Namespaces in Imports field not imported from: ‘MASS’ ‘car’ ‘formula.tools’ ‘ggplot2’ ‘gplots’ ‘graphics’ ‘purrr’ ‘rstatix’ ‘stringr’ ‘tidyverse’ All declared Imports should be used. Flavors: r-devel-linux-x86_64-fedora-clang, r-devel-linux-x86_64-fedora-gcc

Version: 1.2.1.14
Check: data for non-ASCII characters
Result: NOTE Note: found 2 marked UTF-8 strings Flavors: r-devel-linux-x86_64-fedora-clang, r-devel-linux-x86_64-fedora-gcc