CRAN Package Check Results for Package polished

Last updated on 2024-07-23 05:57:39 CEST.

Flavor Version Tinstall Tcheck Ttotal Status Flags
r-devel-linux-x86_64-debian-clang 0.8.1 13.50 94.43 107.93 OK
r-devel-linux-x86_64-debian-gcc 0.8.1 9.13 72.31 81.44 OK
r-devel-linux-x86_64-fedora-clang 0.8.1 145.99 NOTE
r-devel-linux-x86_64-fedora-gcc 0.8.1 138.90 OK
r-devel-windows-x86_64 0.8.1 13.00 95.00 108.00 OK
r-patched-linux-x86_64 0.8.1 13.42 91.75 105.17 OK
r-release-linux-x86_64 0.8.1 7.22 92.42 99.64 OK
r-release-macos-arm64 0.8.1 46.00 OK
r-release-macos-x86_64 0.8.1 68.00 OK
r-release-windows-x86_64 0.8.1 11.00 93.00 104.00 OK
r-oldrel-macos-arm64 0.8.1 45.00 OK
r-oldrel-macos-x86_64 0.8.1 64.00 OK
r-oldrel-windows-x86_64 0.8.1 14.00 106.00 120.00 OK

Check Details

Version: 0.8.1
Check: package dependencies
Result: NOTE Imports includes 25 non-default packages. Importing from so many packages makes the package vulnerable to any of them becoming unavailable. Move as many as possible to Suggests and use conditionally. Flavor: r-devel-linux-x86_64-fedora-clang