CRAN Package Check Results for Package popstudy

Last updated on 2024-07-23 05:57:39 CEST.

Flavor Version Tinstall Tcheck Ttotal Status Flags
r-devel-linux-x86_64-debian-clang 1.0.1 33.92 248.97 282.89 OK
r-devel-linux-x86_64-debian-gcc 1.0.1 24.77 180.34 205.11 NOTE
r-devel-linux-x86_64-fedora-clang 1.0.1 356.15 OK
r-devel-linux-x86_64-fedora-gcc 1.0.1 306.69 OK
r-devel-windows-x86_64 1.0.1 27.00 191.00 218.00 NOTE
r-patched-linux-x86_64 1.0.1 36.79 236.21 273.00 OK
r-release-linux-x86_64 1.0.1 23.37 234.93 258.30 OK
r-release-macos-arm64 1.0.1 90.00 OK
r-release-macos-x86_64 1.0.1 133.00 OK
r-release-windows-x86_64 1.0.1 29.00 192.00 221.00 OK
r-oldrel-macos-arm64 1.0.1 69.00 OK
r-oldrel-macos-x86_64 1.0.1 112.00 OK
r-oldrel-windows-x86_64 1.0.1 38.00 247.00 285.00 OK

Check Details

Version: 1.0.1
Check: Rd cross-references
Result: NOTE Found the following Rd file(s) with Rd \link{} targets missing package anchors: Lifetable.Rd: forecast, read.demogdata Please provide package anchors for all Rd \link{} targets not in the package itself and the base packages. Flavors: r-devel-linux-x86_64-debian-gcc, r-devel-windows-x86_64