CRAN Package Check Results for Package portvine

Last updated on 2024-07-21 05:57:43 CEST.

Flavor Version Tinstall Tcheck Ttotal Status Flags
r-devel-linux-x86_64-debian-clang 1.0.3 130.79 411.25 542.04 OK
r-devel-linux-x86_64-debian-gcc 1.0.3 97.92 307.69 405.61 OK
r-devel-linux-x86_64-fedora-clang 1.0.3 671.87 NOTE
r-devel-linux-x86_64-fedora-gcc 1.0.3 736.78 OK
r-devel-windows-x86_64 1.0.3 106.00 334.00 440.00 NOTE
r-patched-linux-x86_64 1.0.3 131.15 403.17 534.32 OK
r-release-linux-x86_64 1.0.3 95.81 403.89 499.70 OK
r-release-macos-arm64 1.0.3 179.00 NOTE
r-release-macos-x86_64 1.0.3 290.00 NOTE
r-release-windows-x86_64 1.0.3 108.00 333.00 441.00 NOTE
r-oldrel-macos-arm64 1.0.3 195.00 NOTE
r-oldrel-macos-x86_64 1.0.3 439.00 NOTE
r-oldrel-windows-x86_64 1.0.3 126.00 411.00 537.00 NOTE

Check Details

Version: 1.0.3
Check: installed package size
Result: NOTE installed size is 5.6Mb sub-directories of 1Mb or more: libs 4.4Mb Flavors: r-devel-linux-x86_64-fedora-clang, r-devel-windows-x86_64, r-release-macos-arm64, r-release-macos-x86_64, r-release-windows-x86_64, r-oldrel-macos-arm64, r-oldrel-macos-x86_64, r-oldrel-windows-x86_64