CRAN Package Check Results for Package prais

Last updated on 2024-07-21 05:57:43 CEST.

Flavor Version Tinstall Tcheck Ttotal Status Flags
r-devel-linux-x86_64-debian-clang 1.1.2 2.49 27.79 30.28 OK
r-devel-linux-x86_64-debian-gcc 1.1.2 2.54 20.96 23.50 OK
r-devel-linux-x86_64-fedora-clang 1.1.2 38.92 NOTE
r-devel-linux-x86_64-fedora-gcc 1.1.2 36.45 NOTE
r-devel-windows-x86_64 1.1.2 4.00 42.00 46.00 OK
r-patched-linux-x86_64 1.1.2 2.62 26.18 28.80 OK
r-release-linux-x86_64 1.1.2 3.09 26.86 29.95 OK
r-release-macos-arm64 1.1.2 17.00 OK
r-release-macos-x86_64 1.1.2 24.00 OK
r-release-windows-x86_64 1.1.2 4.00 42.00 46.00 OK
r-oldrel-macos-arm64 1.1.2 18.00 OK
r-oldrel-macos-x86_64 1.1.2 23.00 OK
r-oldrel-windows-x86_64 1.1.2 4.00 44.00 48.00 OK

Check Details

Version: 1.1.2
Check: dependencies in R code
Result: NOTE Namespace in Imports field not imported from: ‘lmtest’ All declared Imports should be used. Flavors: r-devel-linux-x86_64-fedora-clang, r-devel-linux-x86_64-fedora-gcc