CRAN Package Check Results for Package predkmeans

Last updated on 2024-07-23 05:57:39 CEST.

Flavor Version Tinstall Tcheck Ttotal Status Flags
r-devel-linux-x86_64-debian-clang 0.1.1 28.79 45.46 74.25 NOTE
r-devel-linux-x86_64-debian-gcc 0.1.1 17.97 33.50 51.47 NOTE
r-devel-linux-x86_64-fedora-clang 0.1.1 109.14 NOTE
r-devel-linux-x86_64-fedora-gcc 0.1.1 104.54 NOTE
r-devel-windows-x86_64 0.1.1 25.00 69.00 94.00 NOTE
r-patched-linux-x86_64 0.1.1 30.17 43.58 73.75 NOTE
r-release-linux-x86_64 0.1.1 22.83 43.76 66.59 NOTE
r-release-macos-arm64 0.1.1 29.00 NOTE
r-release-macos-x86_64 0.1.1 39.00 NOTE
r-release-windows-x86_64 0.1.1 30.00 72.00 102.00 NOTE
r-oldrel-macos-arm64 0.1.1 35.00 NOTE
r-oldrel-macos-x86_64 0.1.1 50.00 NOTE
r-oldrel-windows-x86_64 0.1.1 29.00 81.00 110.00 NOTE

Check Details

Version: 0.1.1
Check: LazyData
Result: NOTE 'LazyData' is specified without a 'data' directory Flavors: r-devel-linux-x86_64-debian-clang, r-devel-linux-x86_64-debian-gcc, r-devel-linux-x86_64-fedora-clang, r-devel-linux-x86_64-fedora-gcc, r-devel-windows-x86_64, r-patched-linux-x86_64, r-release-linux-x86_64, r-release-macos-arm64, r-release-macos-x86_64, r-release-windows-x86_64, r-oldrel-macos-arm64, r-oldrel-macos-x86_64, r-oldrel-windows-x86_64

Version: 0.1.1
Check: Rd cross-references
Result: NOTE Found the following Rd file(s) with Rd \link{} targets missing package anchors: createTPRSmodelmatrix.Rd: gam mlogit.Rd: maxNR Please provide package anchors for all Rd \link{} targets not in the package itself and the base packages. Flavors: r-devel-linux-x86_64-debian-gcc, r-devel-windows-x86_64