CRAN Package Check Results for Package prevR

Last updated on 2024-06-13 06:58:13 CEST.

Flavor Version Tinstall Tcheck Ttotal Status Flags
r-devel-linux-x86_64-debian-clang 5.0.0 20.90 264.01 284.91 OK
r-devel-linux-x86_64-debian-gcc 5.0.0 0.56 1.89 2.45 ERROR
r-devel-linux-x86_64-fedora-clang 5.0.0 346.90 NOTE
r-devel-linux-x86_64-fedora-gcc 5.0.0 343.64 OK
r-devel-windows-x86_64 5.0.0 17.00 207.00 224.00 OK
r-patched-linux-x86_64 5.0.0 20.64 246.77 267.41 OK
r-release-linux-x86_64 5.0.0 18.82 244.66 263.48 OK
r-release-macos-arm64 5.0.0 103.00 OK
r-release-macos-x86_64 5.0.0 155.00 OK
r-release-windows-x86_64 5.0.0 17.00 208.00 225.00 OK
r-oldrel-macos-arm64 5.0.0 98.00 OK
r-oldrel-macos-x86_64 5.0.0 231.00 OK
r-oldrel-windows-x86_64 5.0.0 23.00 275.00 298.00 OK

Check Details

Version: 5.0.0
Check: package dependencies
Result: ERROR Package required but not available: ‘ggplot2’ See section ‘The DESCRIPTION file’ in the ‘Writing R Extensions’ manual. Flavor: r-devel-linux-x86_64-debian-gcc

Version: 5.0.0
Check: Rd cross-references
Result: NOTE Undeclared package ‘sp’ in Rd xrefs Flavor: r-devel-linux-x86_64-fedora-clang