CRAN Package Check Results for Package profile

Last updated on 2025-01-14 05:50:04 CET.

Flavor Version Tinstall Tcheck Ttotal Status Flags
r-devel-linux-x86_64-debian-clang 1.0.3 3.14 38.67 41.81 NOTE
r-devel-linux-x86_64-debian-gcc 1.0.3 3.13 28.24 31.37 NOTE
r-devel-linux-x86_64-fedora-clang 1.0.3 68.03 OK
r-devel-linux-x86_64-fedora-gcc 1.0.3 64.18 OK
r-devel-windows-x86_64 1.0.3 5.00 54.00 59.00 NOTE
r-patched-linux-x86_64 1.0.3 7.04 35.53 42.57 OK
r-release-linux-x86_64 1.0.3 3.76 35.55 39.31 OK
r-release-macos-arm64 1.0.3 23.00 OK
r-release-macos-x86_64 1.0.3 52.00 OK
r-release-windows-x86_64 1.0.3 5.00 55.00 60.00 OK
r-oldrel-macos-arm64 1.0.3 23.00 OK
r-oldrel-macos-x86_64 1.0.3 35.00 OK
r-oldrel-windows-x86_64 1.0.3 6.00 62.00 68.00 OK

Check Details

Version: 1.0.3
Check: Rd cross-references
Result: NOTE Found the following Rd file(s) with Rd \link{} targets missing package anchors: validate_profile.Rd: tibble Please provide package anchors for all Rd \link{} targets not in the package itself and the base packages. Flavors: r-devel-linux-x86_64-debian-clang, r-devel-linux-x86_64-debian-gcc, r-devel-windows-x86_64