CRAN Package Check Results for Package prototest

Last updated on 2024-07-25 05:55:06 CEST.

Flavor Version Tinstall Tcheck Ttotal Status Flags
r-devel-linux-x86_64-debian-clang 1.2 70.98 106.89 177.87 NOTE
r-devel-linux-x86_64-debian-gcc 1.2 47.81 78.11 125.92 NOTE
r-devel-linux-x86_64-fedora-clang 1.2 278.71 NOTE
r-devel-linux-x86_64-fedora-gcc 1.2 239.91 NOTE
r-devel-windows-x86_64 1.2 59.00 107.00 166.00 NOTE
r-patched-linux-x86_64 1.2 76.99 96.39 173.38 NOTE
r-release-linux-x86_64 1.2 66.29 96.35 162.64 NOTE
r-release-macos-arm64 1.2 60.00 NOTE
r-release-macos-x86_64 1.2 78.00 NOTE
r-release-windows-x86_64 1.2 71.00 106.00 177.00 NOTE
r-oldrel-macos-arm64 1.2 73.00 OK
r-oldrel-macos-x86_64 1.2 113.00 OK
r-oldrel-windows-x86_64 1.2 71.00 127.00 198.00 OK

Check Details

Version: 1.2
Check: Rd files
Result: NOTE checkRd: (-1) prototest.univariate.Rd:21: Lost braces 21 | response variable. Vector of length emph{n}, assumed to be quantitative. | ^ Flavors: r-devel-linux-x86_64-debian-clang, r-devel-linux-x86_64-debian-gcc, r-devel-linux-x86_64-fedora-clang, r-devel-linux-x86_64-fedora-gcc, r-devel-windows-x86_64, r-patched-linux-x86_64, r-release-linux-x86_64, r-release-macos-arm64, r-release-macos-x86_64, r-release-windows-x86_64

Version: 1.2
Check: compiled code
Result: NOTE File ‘prototest/libs/prototest.so’: Found no calls to: ‘R_registerRoutines’, ‘R_useDynamicSymbols’ It is good practice to register native routines and to disable symbol search. See ‘Writing portable packages’ in the ‘Writing R Extensions’ manual. Flavors: r-devel-linux-x86_64-fedora-clang, r-devel-linux-x86_64-fedora-gcc