CRAN Package Check Results for Package psycModel

Last updated on 2024-07-16 05:56:00 CEST.

Flavor Version Tinstall Tcheck Ttotal Status Flags
r-devel-linux-x86_64-debian-clang 0.5.0 11.33 210.65 221.98 OK
r-devel-linux-x86_64-debian-gcc 0.5.0 7.19 153.50 160.69 OK
r-devel-linux-x86_64-fedora-clang 0.5.0 286.18 NOTE
r-devel-linux-x86_64-fedora-gcc 0.5.0 280.63 NOTE
r-devel-windows-x86_64 0.5.0 8.00 173.00 181.00 OK
r-patched-linux-x86_64 0.5.0 7.76 202.36 210.12 OK
r-release-linux-x86_64 0.5.0 5.81 198.69 204.50 OK
r-release-macos-arm64 0.5.0 78.00 OK
r-release-macos-x86_64 0.5.0 107.00 OK
r-release-windows-x86_64 0.5.0 10.00 171.00 181.00 OK
r-oldrel-macos-arm64 0.5.0 105.00 OK
r-oldrel-macos-x86_64 0.5.0 198.00 OK
r-oldrel-windows-x86_64 0.5.0 11.00 208.00 219.00 OK

Check Details

Version: 0.5.0
Check: dependencies in R code
Result: NOTE Namespaces in Imports field not imported from: ‘lifecycle’ ‘patchwork’ All declared Imports should be used. Flavors: r-devel-linux-x86_64-fedora-clang, r-devel-linux-x86_64-fedora-gcc