CRAN Package Check Results for Package quadtree

Last updated on 2024-07-14 05:53:41 CEST.

Flavor Version Tinstall Tcheck Ttotal Status Flags
r-devel-linux-x86_64-debian-clang 0.1.14 117.04 370.79 487.83 NOTE
r-devel-linux-x86_64-debian-gcc 0.1.14 94.73 260.91 355.64 NOTE
r-devel-linux-x86_64-fedora-clang 0.1.14 664.01 NOTE
r-devel-linux-x86_64-fedora-gcc 0.1.14 654.18 NOTE
r-devel-windows-x86_64 0.1.14 95.00 266.00 361.00 NOTE
r-patched-linux-x86_64 0.1.14 110.27 349.46 459.73 NOTE
r-release-linux-x86_64 0.1.14 105.34 349.08 454.42 NOTE
r-release-macos-arm64 0.1.14 139.00 NOTE
r-release-macos-x86_64 0.1.14 204.00 NOTE
r-release-windows-x86_64 0.1.14 97.00 269.00 366.00 NOTE
r-oldrel-macos-arm64 0.1.14 157.00 NOTE
r-oldrel-macos-x86_64 0.1.14 368.00 NOTE
r-oldrel-windows-x86_64 0.1.14 103.00 352.00 455.00 OK

Check Details

Version: 0.1.14
Check: Rd files
Result: NOTE checkRd: (-1) find_lcp.Rd:60: Lost braces in \itemize; \value handles \item{}{} directly checkRd: (-1) find_lcp.Rd:61: Lost braces in \itemize; \value handles \item{}{} directly checkRd: (-1) find_lcp.Rd:62: Lost braces in \itemize; \value handles \item{}{} directly checkRd: (-1) find_lcp.Rd:63-65: Lost braces in \itemize; \value handles \item{}{} directly checkRd: (-1) find_lcp.Rd:66: Lost braces in \itemize; \value handles \item{}{} directly checkRd: (-1) find_lcp.Rd:67: Lost braces in \itemize; \value handles \item{}{} directly checkRd: (-1) summarize_lcps.Rd:17: Lost braces in \itemize; \value handles \item{}{} directly checkRd: (-1) summarize_lcps.Rd:18-19: Lost braces in \itemize; \value handles \item{}{} directly checkRd: (-1) summarize_lcps.Rd:20: Lost braces in \itemize; \value handles \item{}{} directly checkRd: (-1) summarize_lcps.Rd:21: Lost braces in \itemize; \value handles \item{}{} directly checkRd: (-1) summarize_lcps.Rd:22: Lost braces in \itemize; \value handles \item{}{} directly checkRd: (-1) summarize_lcps.Rd:23-25: Lost braces in \itemize; \value handles \item{}{} directly Flavors: r-devel-linux-x86_64-debian-clang, r-devel-linux-x86_64-debian-gcc, r-devel-linux-x86_64-fedora-clang, r-devel-linux-x86_64-fedora-gcc, r-devel-windows-x86_64, r-patched-linux-x86_64, r-release-linux-x86_64, r-release-macos-arm64, r-release-macos-x86_64, r-release-windows-x86_64

Version: 0.1.14
Check: installed package size
Result: NOTE installed size is 10.9Mb sub-directories of 1Mb or more: doc 1.7Mb libs 8.3Mb Flavors: r-release-macos-arm64, r-release-macos-x86_64, r-oldrel-macos-arm64, r-oldrel-macos-x86_64