CRAN Package Check Results for Package rAmCharts

Last updated on 2024-07-18 06:57:33 CEST.

Flavor Version Tinstall Tcheck Ttotal Status Flags
r-devel-linux-x86_64-debian-clang 2.1.15 13.80 155.10 168.90 NOTE
r-devel-linux-x86_64-debian-gcc 2.1.15 14.32 123.73 138.05 NOTE
r-devel-linux-x86_64-fedora-clang 2.1.15 247.56 NOTE
r-devel-linux-x86_64-fedora-gcc 2.1.15 205.87 NOTE
r-devel-windows-x86_64 2.1.15 21.00 142.00 163.00 NOTE
r-patched-linux-x86_64 2.1.15 20.97 161.66 182.63 NOTE
r-release-linux-x86_64 2.1.15 19.48 163.00 182.48 NOTE
r-release-macos-arm64 2.1.15 58.00 NOTE
r-release-macos-x86_64 2.1.15 87.00 NOTE
r-release-windows-x86_64 2.1.15 19.00 140.00 159.00 NOTE
r-oldrel-macos-arm64 2.1.15 76.00 NOTE
r-oldrel-macos-x86_64 2.1.15 116.00 NOTE
r-oldrel-windows-x86_64 2.1.15 23.00 178.00 201.00 NOTE

Check Details

Version: 2.1.15
Check: Rd files
Result: NOTE checkRd: (-1) DataSet-class.Rd:25: Lost braces; missing escapes or markup? 25 | Example: {fromField:"val1", toField:"value"}.} | ^ checkRd: (-1) amTimeSeries.Rd:119: Lost braces in \itemize; meant \describe ? checkRd: (-1) amTimeSeries.Rd:120: Lost braces in \itemize; meant \describe ? checkRd: (-1) amTimeSeries.Rd:121: Lost braces in \itemize; meant \describe ? checkRd: (-1) amTimeSeries.Rd:122: Lost braces in \itemize; meant \describe ? checkRd: (-1) getCurrentStockData.Rd:56: Lost braces in \itemize; meant \describe ? checkRd: (-1) getCurrentStockData.Rd:57: Lost braces in \itemize; meant \describe ? checkRd: (-1) getTransformTS.Rd:59: Lost braces in \itemize; meant \describe ? checkRd: (-1) getTransformTS.Rd:60: Lost braces in \itemize; meant \describe ? checkRd: (-1) rAmCharts-shinymodules-ts.Rd:114: Lost braces in \itemize; meant \describe ? checkRd: (-1) rAmCharts-shinymodules-ts.Rd:115: Lost braces in \itemize; meant \describe ? checkRd: (-1) rAmCharts-shinymodules-ts.Rd:155: Lost braces in \itemize; meant \describe ? checkRd: (-1) rAmCharts-shinymodules-ts.Rd:156: Lost braces in \itemize; meant \describe ? checkRd: (-1) rAmCharts-shinymodules-ts.Rd:157: Lost braces in \itemize; meant \describe ? checkRd: (-1) rAmCharts-shinymodules-ts.Rd:158: Lost braces in \itemize; meant \describe ? checkRd: (-1) rAmCharts-shinymodules.Rd:34: Lost braces in \itemize; meant \describe ? checkRd: (-1) rAmCharts-shinymodules.Rd:35: Lost braces in \itemize; meant \describe ? checkRd: (-1) rAmCharts-shinymodules.Rd:36: Lost braces in \itemize; meant \describe ? checkRd: (-1) rAmCharts-shinymodules.Rd:37: Lost braces in \itemize; meant \describe ? checkRd: (-1) rAmCharts-shinymodules.Rd:38: Lost braces in \itemize; meant \describe ? Flavors: r-devel-linux-x86_64-debian-clang, r-devel-linux-x86_64-debian-gcc, r-devel-linux-x86_64-fedora-clang, r-devel-linux-x86_64-fedora-gcc, r-devel-windows-x86_64, r-patched-linux-x86_64, r-release-linux-x86_64, r-release-macos-arm64, r-release-macos-x86_64, r-release-windows-x86_64

Version: 2.1.15
Check: installed package size
Result: NOTE installed size is 12.2Mb sub-directories of 1Mb or more: api 3.2Mb htmlwidgets 7.2Mb Flavors: r-devel-linux-x86_64-fedora-clang, r-devel-windows-x86_64, r-release-macos-arm64, r-release-macos-x86_64, r-release-windows-x86_64, r-oldrel-macos-arm64, r-oldrel-macos-x86_64, r-oldrel-windows-x86_64