CRAN Package Check Results for Package rBayesianOptimization

Last updated on 2024-07-23 05:57:40 CEST.

Flavor Version Tinstall Tcheck Ttotal Status Flags
r-devel-linux-x86_64-debian-clang 1.2.1 3.11 30.25 33.36 OK
r-devel-linux-x86_64-debian-gcc 1.2.1 2.33 22.89 25.22 NOTE
r-devel-linux-x86_64-fedora-clang 1.2.1 43.40 OK
r-devel-linux-x86_64-fedora-gcc 1.2.1 39.24 OK
r-devel-windows-x86_64 1.2.1 3.00 45.00 48.00 NOTE
r-patched-linux-x86_64 1.2.1 5.18 29.81 34.99 OK
r-release-linux-x86_64 1.2.1 2.64 29.49 32.13 OK
r-release-macos-arm64 1.2.1 17.00 OK
r-release-macos-x86_64 1.2.1 25.00 OK
r-release-windows-x86_64 1.2.1 3.00 45.00 48.00 OK
r-oldrel-macos-arm64 1.2.1 22.00 OK
r-oldrel-macos-x86_64 1.2.1 36.00 OK
r-oldrel-windows-x86_64 1.2.1 4.00 48.00 52.00 OK

Check Details

Version: 1.2.1
Check: Rd cross-references
Result: NOTE Found the following Rd file(s) with Rd \link{} targets missing package anchors: BayesianOptimization.Rd: GP_fit Please provide package anchors for all Rd \link{} targets not in the package itself and the base packages. Flavors: r-devel-linux-x86_64-debian-gcc, r-devel-windows-x86_64