CRAN Package Check Results for Package rMIDAS

Last updated on 2024-06-13 06:58:16 CEST.

Flavor Version Tinstall Tcheck Ttotal Status Flags
r-devel-linux-x86_64-debian-clang 1.0.0 9.52 102.72 112.24 OK
r-devel-linux-x86_64-debian-gcc 1.0.0 7.65 74.27 81.92 ERROR
r-devel-linux-x86_64-fedora-clang 1.0.0 142.27 OK
r-devel-linux-x86_64-fedora-gcc 1.0.0 145.30 OK
r-devel-windows-x86_64 1.0.0 9.00 120.00 129.00 OK
r-patched-linux-x86_64 1.0.0 8.54 100.48 109.02 OK
r-release-linux-x86_64 1.0.0 7.87 98.10 105.97 OK
r-release-macos-arm64 1.0.0 54.00 OK
r-release-macos-x86_64 1.0.0 97.00 OK
r-release-windows-x86_64 1.0.0 9.00 122.00 131.00 OK
r-oldrel-macos-arm64 1.0.0 65.00 OK
r-oldrel-macos-x86_64 1.0.0 136.00 OK
r-oldrel-windows-x86_64 1.0.0 12.00 122.00 134.00 OK

Check Details

Version: 1.0.0
Check: package dependencies
Result: NOTE Package suggested but not available for checking: ‘testthat’ Flavor: r-devel-linux-x86_64-debian-gcc

Version: 1.0.0
Check: tests
Result: ERROR Running ‘testthat.R’ [0s/1s] Running the tests in ‘tests/testthat.R’ failed. Complete output: > library(testthat) Error in library(testthat) : there is no package called 'testthat' Execution halted Flavor: r-devel-linux-x86_64-debian-gcc