CRAN Package Check Results for Package rODE

Last updated on 2024-06-16 05:53:03 CEST.

Flavor Version Tinstall Tcheck Ttotal Status Flags
r-devel-linux-x86_64-debian-clang 0.99.6 6.38 130.14 136.52 NOTE
r-devel-linux-x86_64-debian-gcc 0.99.6 4.72 94.50 99.22 NOTE
r-devel-linux-x86_64-fedora-clang 0.99.6 168.26 NOTE
r-devel-linux-x86_64-fedora-gcc 0.99.6 174.46 NOTE
r-devel-windows-x86_64 0.99.6 7.00 114.00 121.00 NOTE
r-patched-linux-x86_64 0.99.6 7.16 124.66 131.82 NOTE
r-release-linux-x86_64 0.99.6 5.69 124.85 130.54 NOTE
r-release-macos-arm64 0.99.6 57.00 NOTE
r-release-macos-x86_64 0.99.6 89.00 NOTE
r-release-windows-x86_64 0.99.6 5.00 116.00 121.00 NOTE
r-oldrel-macos-arm64 0.99.6 58.00 NOTE
r-oldrel-macos-x86_64 0.99.6 84.00 NOTE
r-oldrel-windows-x86_64 0.99.6 6.00 139.00 145.00 NOTE

Check Details

Version: 0.99.6
Check: LazyData
Result: NOTE 'LazyData' is specified without a 'data' directory Flavors: r-devel-linux-x86_64-debian-clang, r-devel-linux-x86_64-debian-gcc, r-devel-linux-x86_64-fedora-clang, r-devel-linux-x86_64-fedora-gcc, r-devel-windows-x86_64, r-patched-linux-x86_64, r-release-linux-x86_64, r-release-macos-arm64, r-release-macos-x86_64, r-release-windows-x86_64, r-oldrel-macos-arm64, r-oldrel-macos-x86_64, r-oldrel-windows-x86_64

Version: 0.99.6
Check: dependencies in R code
Result: NOTE Namespace in Imports field not imported from: ‘data.table’ All declared Imports should be used. Flavors: r-devel-linux-x86_64-fedora-clang, r-devel-linux-x86_64-fedora-gcc