CRAN Package Check Results for Package rWCVP

Last updated on 2024-07-21 05:57:45 CEST.

Flavor Version Tinstall Tcheck Ttotal Status Flags
r-devel-linux-x86_64-debian-clang 1.2.4 25.23 166.64 191.87 NOTE
r-devel-linux-x86_64-debian-gcc 1.2.4 17.34 127.68 145.02 NOTE
r-devel-linux-x86_64-fedora-clang 1.2.4 245.48 NOTE
r-devel-linux-x86_64-fedora-gcc 1.2.4 253.86 NOTE
r-devel-windows-x86_64 1.2.4 22.00 132.00 154.00 NOTE
r-patched-linux-x86_64 1.2.4 27.96 161.98 189.94 NOTE
r-release-linux-x86_64 1.2.4 14.52 163.16 177.68 NOTE
r-release-macos-arm64 1.2.4 76.00 NOTE
r-release-macos-x86_64 1.2.4 175.00 NOTE
r-release-windows-x86_64 1.2.4 22.00 135.00 157.00 NOTE
r-oldrel-macos-arm64 1.2.4 76.00 NOTE
r-oldrel-macos-x86_64 1.2.4 127.00 NOTE
r-oldrel-windows-x86_64 1.2.4 27.00 168.00 195.00 NOTE

Check Details

Version: 1.2.4
Check: package dependencies
Result: NOTE Package suggested but not available for checking: ‘rWCVPdata’ Flavors: r-devel-linux-x86_64-debian-clang, r-devel-linux-x86_64-debian-gcc, r-devel-linux-x86_64-fedora-clang, r-devel-linux-x86_64-fedora-gcc, r-devel-windows-x86_64, r-patched-linux-x86_64, r-release-linux-x86_64, r-release-macos-arm64, r-release-macos-x86_64, r-release-windows-x86_64, r-oldrel-macos-arm64, r-oldrel-macos-x86_64, r-oldrel-windows-x86_64

Version: 1.2.4
Check: Rd cross-references
Result: NOTE Found the following Rd file(s) with Rd \link{} targets missing package anchors: wcvp_summary_gt.Rd: gt Please provide package anchors for all Rd \link{} targets not in the package itself and the base packages. Flavors: r-devel-linux-x86_64-debian-gcc, r-devel-windows-x86_64

Version: 1.2.4
Check: Rd cross-references
Result: NOTE Undeclared package ‘scales’ in Rd xrefs Flavor: r-devel-linux-x86_64-fedora-clang

Version: 1.2.4
Check: data for non-ASCII characters
Result: NOTE Note: found 16 marked UTF-8 strings Flavors: r-devel-linux-x86_64-fedora-clang, r-devel-linux-x86_64-fedora-gcc

Version: 1.2.4
Check: installed package size
Result: NOTE installed size is 5.9Mb sub-directories of 1Mb or more: data 3.2Mb extdata 2.4Mb Flavors: r-release-macos-arm64, r-release-macos-x86_64, r-oldrel-macos-arm64, r-oldrel-macos-x86_64