CRAN Package Check Results for Package ra4bayesmeta

Last updated on 2024-07-20 06:49:29 CEST.

Flavor Version Tinstall Tcheck Ttotal Status Flags
r-devel-linux-x86_64-debian-clang 1.0-8 8.94 89.80 98.74 NOTE
r-devel-linux-x86_64-debian-gcc 1.0-8 7.57 66.82 74.39 NOTE
r-devel-linux-x86_64-fedora-clang 1.0-8 129.66 NOTE
r-devel-linux-x86_64-fedora-gcc 1.0-8 115.61 NOTE
r-devel-windows-x86_64 1.0-8 10.00 87.00 97.00 NOTE
r-patched-linux-x86_64 1.0-8 11.57 87.42 98.99 NOTE
r-release-linux-x86_64 1.0-8 10.28 86.06 96.34 NOTE
r-release-macos-arm64 1.0-8 35.00 NOTE
r-release-macos-x86_64 1.0-8 52.00 NOTE
r-release-windows-x86_64 1.0-8 9.00 87.00 96.00 NOTE
r-oldrel-macos-arm64 1.0-8 39.00 OK
r-oldrel-macos-x86_64 1.0-8 95.00 OK
r-oldrel-windows-x86_64 1.0-8 12.00 108.00 120.00 OK

Check Details

Version: 1.0-8
Check: Rd files
Result: NOTE checkRd: (-1) post_RA_fits.Rd:61: Lost braces; missing escapes or markup? 61 | \item{\code{H(po_{bm_{n.bm}}, po_act)}:}{ last benchmark prior bm_{n.bm} inducing the fit \code{fits.bm[[n.bm]]} and actual prior} | ^ Flavors: r-devel-linux-x86_64-debian-clang, r-devel-linux-x86_64-debian-gcc, r-devel-linux-x86_64-fedora-clang, r-devel-linux-x86_64-fedora-gcc, r-devel-windows-x86_64, r-patched-linux-x86_64, r-release-linux-x86_64, r-release-macos-arm64, r-release-macos-x86_64, r-release-windows-x86_64