CRAN Package Check Results for Package rappsflyer

Last updated on 2024-07-16 05:56:00 CEST.

Flavor Version Tinstall Tcheck Ttotal Status Flags
r-devel-linux-x86_64-debian-clang 0.2.0 6.56 53.80 60.36 NOTE
r-devel-linux-x86_64-debian-gcc 0.2.0 4.87 41.87 46.74 NOTE
r-devel-linux-x86_64-fedora-clang 0.2.0 77.43 NOTE
r-devel-linux-x86_64-fedora-gcc 0.2.0 83.50 NOTE
r-devel-windows-x86_64 0.2.0 7.00 64.00 71.00 NOTE
r-patched-linux-x86_64 0.2.0 6.59 51.10 57.69 NOTE
r-release-linux-x86_64 0.2.0 3.83 51.42 55.25 NOTE
r-release-macos-arm64 0.2.0 38.00 NOTE
r-release-macos-x86_64 0.2.0 54.00 NOTE
r-release-windows-x86_64 0.2.0 7.00 62.00 69.00 NOTE
r-oldrel-macos-arm64 0.2.0 35.00 NOTE
r-oldrel-macos-x86_64 0.2.0 44.00 NOTE
r-oldrel-windows-x86_64 0.2.0 7.00 69.00 76.00 NOTE

Check Details

Version: 0.2.0
Check: LazyData
Result: NOTE 'LazyData' is specified without a 'data' directory Flavors: r-devel-linux-x86_64-debian-clang, r-devel-linux-x86_64-debian-gcc, r-devel-linux-x86_64-fedora-clang, r-devel-linux-x86_64-fedora-gcc, r-devel-windows-x86_64, r-patched-linux-x86_64, r-release-linux-x86_64, r-release-macos-arm64, r-release-macos-x86_64, r-release-windows-x86_64, r-oldrel-macos-arm64, r-oldrel-macos-x86_64, r-oldrel-windows-x86_64