Last updated on 2025-01-16 04:49:35 CET.
Flavor | Version | Tinstall | Tcheck | Ttotal | Status | Flags |
---|---|---|---|---|---|---|
r-devel-linux-x86_64-debian-clang | 0.3.2 | 60.80 | 57.45 | 118.25 | OK | |
r-devel-linux-x86_64-debian-gcc | 0.3.2 | 46.32 | 39.96 | 86.28 | OK | |
r-devel-linux-x86_64-fedora-clang | 0.3.2 | 257.75 | OK | |||
r-devel-linux-x86_64-fedora-gcc | 0.3.2 | 224.70 | OK | |||
r-devel-windows-x86_64 | 0.3.2 | 100.00 | 94.00 | 194.00 | OK | |
r-patched-linux-x86_64 | 0.3.2 | 59.84 | 55.63 | 115.47 | OK | |
r-release-linux-x86_64 | 0.3.2 | 65.31 | 53.93 | 119.24 | OK | |
r-release-macos-arm64 | 0.3.2 | 61.00 | NOTE | |||
r-release-macos-x86_64 | 0.3.2 | 94.00 | NOTE | |||
r-release-windows-x86_64 | 0.3.2 | 87.00 | 100.00 | 187.00 | OK | |
r-oldrel-macos-arm64 | 0.3.2 | 67.00 | NOTE | |||
r-oldrel-macos-x86_64 | 0.3.2 | 105.00 | NOTE | |||
r-oldrel-windows-x86_64 | 0.3.2 | 96.00 | 116.00 | 212.00 | OK |
Version: 0.3.2
Check: installed package size
Result: NOTE
installed size is 5.4Mb
sub-directories of 1Mb or more:
extdata 1.1Mb
libs 3.8Mb
Flavors: r-release-macos-arm64, r-release-macos-x86_64, r-oldrel-macos-arm64, r-oldrel-macos-x86_64
Version: 0.3.2
Check: for GNU extensions in Makefiles
Result: NOTE
GNU make is a SystemRequirements.
Flavors: r-release-macos-arm64, r-release-macos-x86_64, r-oldrel-macos-arm64, r-oldrel-macos-x86_64