CRAN Package Check Results for Package rbedrock

Last updated on 2024-07-18 06:57:33 CEST.

Flavor Version Tinstall Tcheck Ttotal Status Flags
r-devel-linux-x86_64-debian-clang 0.3.2 80.19 75.60 155.79 OK
r-devel-linux-x86_64-debian-gcc 0.3.2 57.54 55.04 112.58 OK
r-devel-linux-x86_64-fedora-clang 0.3.2 278.33 NOTE
r-devel-linux-x86_64-fedora-gcc 0.3.2 219.19 NOTE
r-devel-windows-x86_64 0.3.2 90.00 100.00 190.00 OK
r-patched-linux-x86_64 0.3.2 71.44 70.26 141.70 OK
r-release-linux-x86_64 0.3.2 52.84 72.00 124.84 OK
r-release-macos-arm64 0.3.2 61.00 NOTE
r-release-macos-x86_64 0.3.2 94.00 NOTE
r-release-windows-x86_64 0.3.2 91.00 100.00 191.00 OK
r-oldrel-macos-arm64 0.3.2 67.00 NOTE
r-oldrel-macos-x86_64 0.3.2 105.00 NOTE
r-oldrel-windows-x86_64 0.3.2 106.00 119.00 225.00 OK

Check Details

Version: 0.3.2
Check: for GNU extensions in Makefiles
Result: NOTE GNU make is a SystemRequirements. Flavors: r-devel-linux-x86_64-fedora-clang, r-devel-linux-x86_64-fedora-gcc, r-release-macos-arm64, r-release-macos-x86_64, r-oldrel-macos-arm64, r-oldrel-macos-x86_64

Version: 0.3.2
Check: installed package size
Result: NOTE installed size is 5.4Mb sub-directories of 1Mb or more: extdata 1.1Mb libs 3.8Mb Flavors: r-release-macos-arm64, r-release-macos-x86_64, r-oldrel-macos-arm64, r-oldrel-macos-x86_64