CRAN Package Check Results for Package rdlocrand

Last updated on 2024-06-13 06:58:15 CEST.

Flavor Version Tinstall Tcheck Ttotal Status Flags
r-devel-linux-x86_64-debian-clang 1.0 6.09 52.06 58.15 OK
r-devel-linux-x86_64-debian-gcc 1.0 0.29 1.75 2.04 ERROR
r-devel-linux-x86_64-fedora-clang 1.0 69.79 OK
r-devel-linux-x86_64-fedora-gcc 1.0 64.63 OK
r-devel-windows-x86_64 1.0 5.00 54.00 59.00 OK
r-patched-linux-x86_64 1.0 4.55 49.61 54.16 OK
r-release-linux-x86_64 1.0 5.28 49.31 54.59 OK
r-release-macos-arm64 1.0 17.00 OK
r-release-macos-x86_64 1.0 31.00 OK
r-release-windows-x86_64 1.0 6.00 55.00 61.00 OK
r-oldrel-macos-arm64 1.0 25.00 OK
r-oldrel-macos-x86_64 1.0 35.00 OK
r-oldrel-windows-x86_64 1.0 6.00 62.00 68.00 OK

Check Details

Version: 1.0
Check: package dependencies
Result: ERROR Package required but not available: ‘AER’ See section ‘The DESCRIPTION file’ in the ‘Writing R Extensions’ manual. Flavor: r-devel-linux-x86_64-debian-gcc