CRAN Package Check Results for Package refund

Last updated on 2024-06-13 06:58:15 CEST.

Flavor Version Tinstall Tcheck Ttotal Status Flags
r-devel-linux-x86_64-debian-clang 0.1-35 38.56 335.42 373.98 OK
r-devel-linux-x86_64-debian-gcc 0.1-35 0.55 1.77 2.32 ERROR
r-devel-linux-x86_64-fedora-clang 0.1-35 461.84 OK
r-devel-linux-x86_64-fedora-gcc 0.1-35 472.89 OK
r-devel-windows-x86_64 0.1-35 30.00 292.00 322.00 OK
r-patched-linux-x86_64 0.1-35 33.04 359.51 392.55 OK
r-release-linux-x86_64 0.1-35 28.59 356.96 385.55 OK
r-release-macos-arm64 0.1-35 151.00 OK
r-release-macos-x86_64 0.1-35 249.00 OK
r-release-windows-x86_64 0.1-35 31.00 294.00 325.00 OK
r-oldrel-macos-arm64 0.1-35 158.00 OK
r-oldrel-macos-x86_64 0.1-35 314.00 OK
r-oldrel-windows-x86_64 0.1-35 39.00 344.00 383.00 OK

Check Details

Version: 0.1-35
Check: package dependencies
Result: ERROR Packages required but not available: 'fda', 'gamm4', 'lme4', 'RLRsim', 'ggplot2' Packages suggested but not available for checking: 'reshape2', 'testthat' See section ‘The DESCRIPTION file’ in the ‘Writing R Extensions’ manual. Flavor: r-devel-linux-x86_64-debian-gcc