CRAN Package Check Results for Package registr

Last updated on 2024-06-13 06:58:15 CEST.

Flavor Version Tinstall Tcheck Ttotal Status Flags
r-devel-linux-x86_64-debian-clang 2.1.0 80.03 898.79 978.82 NOTE
r-devel-linux-x86_64-debian-gcc 2.1.0 0.49 1.88 2.37 ERROR
r-devel-linux-x86_64-fedora-clang 2.1.0 1217.90 NOTE
r-devel-linux-x86_64-fedora-gcc 2.1.0 1274.56 NOTE
r-devel-windows-x86_64 2.1.0 58.00 882.00 940.00 NOTE
r-patched-linux-x86_64 2.1.0 55.61 914.17 969.78 NOTE
r-release-linux-x86_64 2.1.0 58.14 911.56 969.70 NOTE
r-release-macos-arm64 2.1.0 377.00 NOTE
r-release-macos-x86_64 2.1.0 543.00 NOTE
r-release-windows-x86_64 2.1.0 59.00 891.00 950.00 NOTE
r-oldrel-macos-arm64 2.1.0 410.00 NOTE
r-oldrel-macos-x86_64 2.1.0 628.00 NOTE
r-oldrel-windows-x86_64 2.1.0 73.00 954.00 1027.00 NOTE

Check Details

Version: 2.1.0
Check: C++ specification
Result: NOTE Specified C++11: please drop specification unless essential Flavors: r-devel-linux-x86_64-debian-clang, r-devel-linux-x86_64-fedora-clang, r-devel-linux-x86_64-fedora-gcc, r-devel-windows-x86_64, r-patched-linux-x86_64, r-release-linux-x86_64, r-release-macos-arm64, r-release-macos-x86_64, r-release-windows-x86_64, r-oldrel-macos-arm64, r-oldrel-macos-x86_64, r-oldrel-windows-x86_64

Version: 2.1.0
Check: package dependencies
Result: ERROR Packages required but not available: 'tidyr', 'dplyr', 'gamm4', 'lme4', 'purrr' Packages suggested but not available for checking: 'testthat', 'cowplot', 'ggplot2' See section ‘The DESCRIPTION file’ in the ‘Writing R Extensions’ manual. Flavor: r-devel-linux-x86_64-debian-gcc