CRAN Package Check Results for Package rinat

Last updated on 2024-07-21 05:57:44 CEST.

Flavor Version Tinstall Tcheck Ttotal Status Flags
r-devel-linux-x86_64-debian-clang 0.1.9 5.81 63.22 69.03 OK
r-devel-linux-x86_64-debian-gcc 0.1.9 4.82 47.80 52.62 NOTE
r-devel-linux-x86_64-fedora-clang 0.1.9 92.28 OK
r-devel-linux-x86_64-fedora-gcc 0.1.9 93.94 OK
r-devel-windows-x86_64 0.1.9 7.00 67.00 74.00 NOTE
r-patched-linux-x86_64 0.1.9 10.63 61.73 72.36 OK
r-release-linux-x86_64 0.1.9 5.05 61.29 66.34 OK
r-release-macos-arm64 0.1.9 36.00 OK
r-release-macos-x86_64 0.1.9 60.00 OK
r-release-windows-x86_64 0.1.9 7.00 68.00 75.00 OK
r-oldrel-macos-arm64 0.1.9 39.00 OK
r-oldrel-macos-x86_64 0.1.9 55.00 OK
r-oldrel-windows-x86_64 0.1.9 9.00 75.00 84.00 OK

Check Details

Version: 0.1.9
Check: Rd cross-references
Result: NOTE Found the following Rd file(s) with Rd \link{} targets missing package anchors: inat_map.Rd: map Please provide package anchors for all Rd \link{} targets not in the package itself and the base packages. Flavors: r-devel-linux-x86_64-debian-gcc, r-devel-windows-x86_64