CRAN Package Check Results for Package rkvo

Last updated on 2024-07-11 05:54:07 CEST.

Flavor Version Tinstall Tcheck Ttotal Status Flags
r-devel-linux-x86_64-debian-clang 0.1 21.91 26.16 48.07 NOTE
r-devel-linux-x86_64-debian-gcc 0.1 14.23 20.65 34.88 NOTE
r-devel-linux-x86_64-fedora-clang 0.1 70.28 NOTE
r-devel-linux-x86_64-fedora-gcc 0.1 64.93 NOTE
r-devel-windows-x86_64 0.1 17.00 61.00 78.00 NOTE
r-patched-linux-x86_64 0.1 16.22 25.57 41.79 NOTE
r-release-linux-x86_64 0.1 18.98 25.37 44.35 NOTE
r-release-macos-arm64 0.1 20.00 NOTE
r-release-macos-x86_64 0.1 32.00 NOTE
r-release-windows-x86_64 0.1 18.00 64.00 82.00 NOTE
r-oldrel-macos-arm64 0.1 21.00 NOTE
r-oldrel-macos-x86_64 0.1 30.00 NOTE
r-oldrel-windows-x86_64 0.1 19.00 68.00 87.00 NOTE

Check Details

Version: 0.1
Check: LazyData
Result: NOTE 'LazyData' is specified without a 'data' directory Flavors: r-devel-linux-x86_64-debian-clang, r-devel-linux-x86_64-debian-gcc, r-devel-linux-x86_64-fedora-clang, r-devel-linux-x86_64-fedora-gcc, r-devel-windows-x86_64, r-patched-linux-x86_64, r-release-linux-x86_64, r-release-macos-arm64, r-release-macos-x86_64, r-release-windows-x86_64, r-oldrel-macos-arm64, r-oldrel-macos-x86_64, r-oldrel-windows-x86_64

Version: 0.1
Check: compiled code
Result: NOTE File ‘rkvo/libs/rkvo.so’: Found no calls to: ‘R_registerRoutines’, ‘R_useDynamicSymbols’ It is good practice to register native routines and to disable symbol search. See ‘Writing portable packages’ in the ‘Writing R Extensions’ manual. Flavors: r-devel-linux-x86_64-fedora-clang, r-devel-linux-x86_64-fedora-gcc