CRAN Package Check Results for Package roadoi

Last updated on 2024-06-13 06:58:16 CEST.

Flavor Version Tinstall Tcheck Ttotal Status Flags
r-devel-linux-x86_64-debian-clang 0.7.2 7.55 57.80 65.35 OK
r-devel-linux-x86_64-debian-gcc 0.7.2 0.32 1.84 2.16 ERROR
r-devel-linux-x86_64-fedora-clang 0.7.2 84.32 OK
r-devel-linux-x86_64-fedora-gcc 0.7.2 91.51 OK
r-devel-windows-x86_64 0.7.2 6.00 62.00 68.00 OK
r-patched-linux-x86_64 0.7.2 4.61 56.63 61.24 OK
r-release-linux-x86_64 0.7.2 6.31 55.56 61.87 OK
r-release-macos-arm64 0.7.2 34.00 OK
r-release-macos-x86_64 0.7.2 66.00 OK
r-release-windows-x86_64 0.7.2 7.00 71.00 78.00 OK
r-oldrel-macos-arm64 0.7.2 32.00 OK
r-oldrel-macos-x86_64 0.7.2 51.00 OK
r-oldrel-windows-x86_64 0.7.2 9.00 71.00 80.00 OK

Check Details

Version: 0.7.2
Check: package dependencies
Result: ERROR Packages required but not available: 'dplyr', 'purrr', 'tibble', 'tidyr' Packages suggested but not available for checking: 'roxygen2', 'testthat' See section ‘The DESCRIPTION file’ in the ‘Writing R Extensions’ manual. Flavor: r-devel-linux-x86_64-debian-gcc