CRAN Package Check Results for Package robotstxt

Last updated on 2024-06-22 06:50:59 CEST.

Flavor Version Tinstall Tcheck Ttotal Status Flags
r-devel-linux-x86_64-debian-clang 0.7.13 3.67 46.65 50.32 NOTE
r-devel-linux-x86_64-debian-gcc 0.7.13 2.34 35.78 38.12 NOTE
r-devel-linux-x86_64-fedora-clang 0.7.13 64.79 NOTE
r-devel-linux-x86_64-fedora-gcc 0.7.13 72.85 NOTE
r-devel-windows-x86_64 0.7.13 4.00 63.00 67.00 ERROR
r-patched-linux-x86_64 0.7.13 3.00 45.29 48.29 NOTE
r-release-linux-x86_64 0.7.13 3.21 45.67 48.88 NOTE
r-release-macos-arm64 0.7.13 30.00 NOTE
r-release-macos-x86_64 0.7.13 49.00 NOTE
r-release-windows-x86_64 0.7.13 4.00 62.00 66.00 NOTE
r-oldrel-macos-arm64 0.7.13 31.00 NOTE
r-oldrel-macos-x86_64 0.7.13 45.00 NOTE
r-oldrel-windows-x86_64 0.7.13 5.00 66.00 71.00 NOTE

Check Details

Version: 0.7.13
Check: LazyData
Result: NOTE 'LazyData' is specified without a 'data' directory Flavors: r-devel-linux-x86_64-debian-clang, r-devel-linux-x86_64-debian-gcc, r-devel-linux-x86_64-fedora-clang, r-devel-linux-x86_64-fedora-gcc, r-devel-windows-x86_64, r-patched-linux-x86_64, r-release-linux-x86_64, r-release-macos-arm64, r-release-macos-x86_64, r-release-windows-x86_64, r-oldrel-macos-arm64, r-oldrel-macos-x86_64, r-oldrel-windows-x86_64

Version: 0.7.13
Check: dependencies in R code
Result: NOTE Namespace in Imports field not imported from: ‘future’ All declared Imports should be used. Flavors: r-devel-linux-x86_64-fedora-clang, r-devel-linux-x86_64-fedora-gcc

Version: 0.7.13
Check: re-building of vignette outputs
Result: ERROR Error(s) in re-building vignettes: --- re-building 'using_robotstxt.Rmd' using rmarkdown Quitting from lines 126-131 [unnamed-chunk-11] (using_robotstxt.Rmd) Error: processing vignette 'using_robotstxt.Rmd' failed with diagnostics: Empty reply from server --- failed re-building 'using_robotstxt.Rmd' SUMMARY: processing the following file failed: 'using_robotstxt.Rmd' Error: Vignette re-building failed. Execution halted Flavor: r-devel-windows-x86_64