CRAN Package Check Results for Package robustlmm

Last updated on 2024-06-13 06:58:16 CEST.

Flavor Version Tinstall Tcheck Ttotal Status Flags
r-devel-linux-x86_64-debian-clang 3.3-1 75.98 375.16 451.14 OK
r-devel-linux-x86_64-debian-gcc 3.3-1 0.77 1.75 2.52 ERROR
r-devel-linux-x86_64-fedora-clang 3.3-1 570.26 OK
r-devel-linux-x86_64-fedora-gcc 3.3-1 571.87 OK
r-devel-windows-x86_64 3.3-1 59.00 327.00 386.00 NOTE
r-patched-linux-x86_64 3.3-1 64.57 369.21 433.78 OK
r-release-linux-x86_64 3.3-1 61.83 361.20 423.03 OK
r-release-macos-arm64 3.3-1 156.00 NOTE
r-release-macos-x86_64 3.3-1 222.00 NOTE
r-release-windows-x86_64 3.3-1 63.00 341.00 404.00 NOTE
r-oldrel-macos-arm64 3.3-1 173.00 NOTE
r-oldrel-macos-x86_64 3.3-1 321.00 NOTE
r-oldrel-windows-x86_64 3.3-1 77.00 403.00 480.00 NOTE

Check Details

Version: 3.3-1
Check: package dependencies
Result: ERROR Package required but not available: ‘lme4’ Packages suggested but not available for checking: 'ggplot2', 'reshape2', 'rlme', 'lemon', 'dplyr', 'ggh4x', 'testthat', 'robustvarComp' See section ‘The DESCRIPTION file’ in the ‘Writing R Extensions’ manual. Flavor: r-devel-linux-x86_64-debian-gcc

Version: 3.3-1
Check: installed package size
Result: NOTE installed size is 5.3Mb sub-directories of 1Mb or more: doc 1.7Mb libs 1.3Mb simulationStudy 1.6Mb Flavors: r-devel-windows-x86_64, r-release-macos-arm64, r-release-macos-x86_64, r-release-windows-x86_64, r-oldrel-macos-arm64, r-oldrel-macos-x86_64, r-oldrel-windows-x86_64