CRAN Package Check Results for Package rpinterest

Last updated on 2024-06-13 06:58:16 CEST.

Flavor Version Tinstall Tcheck Ttotal Status Flags
r-devel-linux-x86_64-debian-clang 0.3.1 1.60 22.77 24.37 NOTE
r-devel-linux-x86_64-debian-gcc 0.3.1 1.79 17.63 19.42 NOTE
r-devel-linux-x86_64-fedora-clang 0.3.1 32.22 NOTE
r-devel-linux-x86_64-fedora-gcc 0.3.1 30.24 NOTE
r-devel-windows-x86_64 0.3.1 3.00 40.00 43.00 NOTE
r-patched-linux-x86_64 0.3.1 2.74 21.34 24.08 NOTE
r-release-linux-x86_64 0.3.1 2.35 21.81 24.16 NOTE
r-release-macos-arm64 0.3.1 15.00 NOTE
r-release-macos-x86_64 0.3.1 22.00 NOTE
r-release-windows-x86_64 0.3.1 3.00 41.00 44.00 NOTE
r-oldrel-macos-arm64 0.3.1 17.00 NOTE
r-oldrel-macos-x86_64 0.3.1 21.00 NOTE
r-oldrel-windows-x86_64 0.3.1 4.00 41.00 45.00 NOTE

Check Details

Version: 0.3.1
Check: LazyData
Result: NOTE 'LazyData' is specified without a 'data' directory Flavors: r-devel-linux-x86_64-debian-clang, r-devel-linux-x86_64-debian-gcc, r-devel-linux-x86_64-fedora-clang, r-devel-linux-x86_64-fedora-gcc, r-devel-windows-x86_64, r-patched-linux-x86_64, r-release-linux-x86_64, r-release-macos-arm64, r-release-macos-x86_64, r-release-windows-x86_64, r-oldrel-macos-arm64, r-oldrel-macos-x86_64, r-oldrel-windows-x86_64