CRAN Package Check Results for Package rreg

Last updated on 2024-07-25 05:55:08 CEST.

Flavor Version Tinstall Tcheck Ttotal Status Flags
r-devel-linux-x86_64-debian-clang 0.2.1 4.98 60.41 65.39 NOTE
r-devel-linux-x86_64-debian-gcc 0.2.1 4.63 46.64 51.27 NOTE
r-devel-linux-x86_64-fedora-clang 0.2.1 83.72 NOTE
r-devel-linux-x86_64-fedora-gcc 0.2.1 77.43 NOTE
r-devel-windows-x86_64 0.2.1 9.00 64.00 73.00 NOTE
r-patched-linux-x86_64 0.2.1 4.52 57.50 62.02 NOTE
r-release-linux-x86_64 0.2.1 4.47 57.47 61.94 NOTE
r-release-macos-arm64 0.2.1 28.00 NOTE
r-release-macos-x86_64 0.2.1 40.00 NOTE
r-release-windows-x86_64 0.2.1 6.00 65.00 71.00 NOTE
r-oldrel-macos-arm64 0.2.1 32.00 OK
r-oldrel-macos-x86_64 0.2.1 46.00 OK
r-oldrel-windows-x86_64 0.2.1 9.00 75.00 84.00 OK

Check Details

Version: 0.2.1
Check: Rd files
Result: NOTE checkRd: (-1) regrad.Rd:46: Lost braces; missing escapes or markup? 46 | \item \code{x-axis} {1st column: The names of the different institutions} | ^ checkRd: (-1) regrad.Rd:47: Lost braces; missing escapes or markup? 47 | \item \code{y-axis} {2nd column: The value to show completeness} | ^ Flavors: r-devel-linux-x86_64-debian-clang, r-devel-linux-x86_64-debian-gcc, r-devel-linux-x86_64-fedora-clang, r-devel-linux-x86_64-fedora-gcc, r-devel-windows-x86_64, r-patched-linux-x86_64, r-release-linux-x86_64, r-release-macos-arm64, r-release-macos-x86_64, r-release-windows-x86_64