CRAN Package Check Results for Package rsmatch

Last updated on 2024-07-18 06:57:35 CEST.

Flavor Version Tinstall Tcheck Ttotal Status Flags
r-devel-linux-x86_64-debian-clang 0.2.1 3.15 57.97 61.12 NOTE
r-devel-linux-x86_64-debian-gcc 0.2.1 2.32 42.99 45.31 NOTE
r-devel-linux-x86_64-fedora-clang 0.2.1 80.12 NOTE
r-devel-linux-x86_64-fedora-gcc 0.2.1 87.59 NOTE
r-devel-windows-x86_64 0.2.1 4.00 62.00 66.00 NOTE
r-patched-linux-x86_64 0.2.1 3.08 56.85 59.93 NOTE
r-release-linux-x86_64 0.2.1 2.00 55.90 57.90 NOTE
r-release-macos-arm64 0.2.1 30.00 NOTE
r-release-macos-x86_64 0.2.1 48.00 NOTE
r-release-windows-x86_64 0.2.1 4.00 64.00 68.00 NOTE
r-oldrel-macos-arm64 0.2.1 46.00 NOTE
r-oldrel-macos-x86_64 0.2.1 65.00 NOTE
r-oldrel-windows-x86_64 0.2.1 5.00 70.00 75.00 NOTE

Check Details

Version: 0.2.1
Check: package dependencies
Result: NOTE Package suggested but not available for checking: ‘gurobi’ Flavors: r-devel-linux-x86_64-debian-clang, r-devel-linux-x86_64-debian-gcc, r-devel-linux-x86_64-fedora-clang, r-devel-linux-x86_64-fedora-gcc, r-devel-windows-x86_64, r-patched-linux-x86_64, r-release-linux-x86_64, r-release-macos-arm64, r-release-macos-x86_64, r-release-windows-x86_64, r-oldrel-macos-arm64, r-oldrel-macos-x86_64, r-oldrel-windows-x86_64