CRAN Package Check Results for Package rusk

Last updated on 2024-07-18 06:57:35 CEST.

Flavor Version Tinstall Tcheck Ttotal Status Flags
r-devel-linux-x86_64-debian-clang 0.1.1 6.34 56.12 62.46 NOTE
r-devel-linux-x86_64-debian-gcc 0.1.1 5.38 42.23 47.61 NOTE
r-devel-linux-x86_64-fedora-clang 0.1.1 76.41 NOTE
r-devel-linux-x86_64-fedora-gcc 0.1.1 74.15 NOTE
r-devel-windows-x86_64 0.1.1 8.00 59.00 67.00 NOTE
r-patched-linux-x86_64 0.1.1 5.31 51.61 56.92 NOTE
r-release-linux-x86_64 0.1.1 6.10 53.16 59.26 NOTE
r-release-macos-arm64 0.1.1 27.00 NOTE
r-release-macos-x86_64 0.1.1 63.00 NOTE
r-release-windows-x86_64 0.1.1 8.00 60.00 68.00 NOTE
r-oldrel-macos-arm64 0.1.1 25.00 NOTE
r-oldrel-macos-x86_64 0.1.1 40.00 NOTE
r-oldrel-windows-x86_64 0.1.1 8.00 66.00 74.00 NOTE

Check Details

Version: 0.1.1
Check: LazyData
Result: NOTE 'LazyData' is specified without a 'data' directory Flavors: r-devel-linux-x86_64-debian-clang, r-devel-linux-x86_64-debian-gcc, r-devel-linux-x86_64-fedora-clang, r-devel-linux-x86_64-fedora-gcc, r-devel-windows-x86_64, r-patched-linux-x86_64, r-release-linux-x86_64, r-release-macos-arm64, r-release-macos-x86_64, r-release-windows-x86_64, r-oldrel-macos-arm64, r-oldrel-macos-x86_64, r-oldrel-windows-x86_64