CRAN Package Check Results for Package samurais

Last updated on 2024-07-21 05:57:46 CEST.

Flavor Version Tinstall Tcheck Ttotal Status Flags
r-devel-linux-x86_64-debian-clang 0.1.0 69.21 157.42 226.63 NOTE
r-devel-linux-x86_64-debian-gcc 0.1.0 47.26 120.55 167.81 NOTE
r-devel-linux-x86_64-fedora-clang 0.1.0 338.61 NOTE
r-devel-linux-x86_64-fedora-gcc 0.1.0 348.83 NOTE
r-devel-windows-x86_64 0.1.0 61.00 148.00 209.00 NOTE
r-patched-linux-x86_64 0.1.0 75.39 152.43 227.82 NOTE
r-release-linux-x86_64 0.1.0 78.66 155.81 234.47 NOTE
r-release-macos-arm64 0.1.0 82.00 NOTE
r-release-macos-x86_64 0.1.0 115.00 NOTE
r-release-windows-x86_64 0.1.0 70.00 147.00 217.00 NOTE
r-oldrel-macos-arm64 0.1.0 85.00 NOTE
r-oldrel-macos-x86_64 0.1.0 156.00 NOTE
r-oldrel-windows-x86_64 0.1.0 89.00 179.00 268.00 NOTE

Check Details

Version: 0.1.0
Check: C++ specification
Result: NOTE Specified C++11: please drop specification unless essential Flavors: r-devel-linux-x86_64-debian-clang, r-devel-linux-x86_64-debian-gcc, r-devel-linux-x86_64-fedora-clang, r-devel-linux-x86_64-fedora-gcc, r-devel-windows-x86_64, r-patched-linux-x86_64, r-release-linux-x86_64, r-release-macos-arm64, r-release-macos-x86_64, r-release-windows-x86_64, r-oldrel-macos-arm64, r-oldrel-macos-x86_64, r-oldrel-windows-x86_64

Version: 0.1.0
Check: Rd files
Result: NOTE checkRd: (-1) ModelHMMR-class.Rd:37: Lost braces; missing escapes or markup? 37 | class {StatHMMR}). | ^ Flavors: r-devel-linux-x86_64-debian-clang, r-devel-linux-x86_64-debian-gcc, r-devel-linux-x86_64-fedora-clang, r-devel-linux-x86_64-fedora-gcc, r-devel-windows-x86_64, r-patched-linux-x86_64, r-release-linux-x86_64, r-release-macos-arm64, r-release-macos-x86_64, r-release-windows-x86_64

Version: 0.1.0
Check: installed package size
Result: NOTE installed size is 6.6Mb sub-directories of 1Mb or more: doc 2.3Mb help 3.4Mb Flavors: r-devel-linux-x86_64-fedora-clang, r-devel-windows-x86_64, r-release-macos-arm64, r-release-macos-x86_64, r-release-windows-x86_64, r-oldrel-macos-arm64, r-oldrel-macos-x86_64, r-oldrel-windows-x86_64