CRAN Package Check Results for Package sarp.snowprofile

Last updated on 2024-07-18 06:57:35 CEST.

Flavor Version Tinstall Tcheck Ttotal Status Flags
r-devel-linux-x86_64-debian-clang 1.3.2 10.27 0.69 10.96 FAIL
r-devel-linux-x86_64-debian-gcc 1.3.2 7.07 55.76 62.83 OK
r-devel-linux-x86_64-fedora-clang 1.3.2 106.54 OK
r-devel-linux-x86_64-fedora-gcc 1.3.2 112.39 OK
r-devel-windows-x86_64 1.3.2 9.00 82.00 91.00 OK
r-patched-linux-x86_64 1.3.2 10.91 72.42 83.33 OK
r-release-linux-x86_64 1.3.2 7.99 71.11 79.10 OK
r-release-macos-arm64 1.3.2 32.00 OK
r-release-macos-x86_64 1.3.2 54.00 OK
r-release-windows-x86_64 1.3.2 8.00 81.00 89.00 OK
r-oldrel-macos-arm64 1.3.2 37.00 OK
r-oldrel-macos-x86_64 1.3.2 56.00 OK
r-oldrel-windows-x86_64 1.3.2 11.00 92.00 103.00 OK

Check Details

Version: 1.3.2
Check: package dependencies
Result: FAIL
Flavor: r-devel-linux-x86_64-debian-clang