CRAN Package Check Results for Package sbo

Last updated on 2024-07-14 05:53:43 CEST.

Flavor Version Tinstall Tcheck Ttotal Status Flags
r-devel-linux-x86_64-debian-clang 0.5.0 140.08 177.02 317.10 NOTE
r-devel-linux-x86_64-debian-gcc 0.5.0 88.78 129.77 218.55 NOTE
r-devel-linux-x86_64-fedora-clang 0.5.0 424.25 NOTE
r-devel-linux-x86_64-fedora-gcc 0.5.0 431.42 NOTE
r-devel-windows-x86_64 0.5.0 98.00 159.00 257.00 NOTE
r-patched-linux-x86_64 0.5.0 71.58 170.66 242.24 NOTE
r-release-linux-x86_64 0.5.0 75.94 165.78 241.72 NOTE
r-release-macos-arm64 0.5.0 106.00 NOTE
r-release-macos-x86_64 0.5.0 154.00 NOTE
r-release-windows-x86_64 0.5.0 102.00 159.00 261.00 NOTE
r-oldrel-macos-arm64 0.5.0 145.00 NOTE
r-oldrel-macos-x86_64 0.5.0 245.00 NOTE
r-oldrel-windows-x86_64 0.5.0 127.00 200.00 327.00 NOTE

Check Details

Version: 0.5.0
Check: C++ specification
Result: NOTE Specified C++11: please drop specification unless essential Flavors: r-devel-linux-x86_64-debian-clang, r-devel-linux-x86_64-debian-gcc, r-devel-linux-x86_64-fedora-clang, r-devel-linux-x86_64-fedora-gcc, r-devel-windows-x86_64, r-patched-linux-x86_64, r-release-linux-x86_64, r-release-macos-arm64, r-release-macos-x86_64, r-release-windows-x86_64, r-oldrel-macos-arm64, r-oldrel-macos-x86_64, r-oldrel-windows-x86_64

Version: 0.5.0
Check: installed package size
Result: NOTE installed size is 5.2Mb sub-directories of 1Mb or more: data 3.8Mb libs 1.2Mb Flavors: r-devel-windows-x86_64, r-release-macos-arm64, r-release-macos-x86_64, r-release-windows-x86_64, r-oldrel-macos-arm64, r-oldrel-macos-x86_64, r-oldrel-windows-x86_64