CRAN Package Check Results for Package scholar

Last updated on 2024-06-13 06:58:17 CEST.

Flavor Version Tinstall Tcheck Ttotal Status Flags
r-devel-linux-x86_64-debian-clang 0.2.4 13.84 85.13 98.97 NOTE
r-devel-linux-x86_64-debian-gcc 0.2.4 0.50 1.73 2.23 ERROR
r-devel-linux-x86_64-fedora-clang 0.2.4 124.99 NOTE
r-devel-linux-x86_64-fedora-gcc 0.2.4 130.96 NOTE
r-devel-windows-x86_64 0.2.4 13.00 95.00 108.00 NOTE
r-patched-linux-x86_64 0.2.4 18.99 82.73 101.72 NOTE
r-release-linux-x86_64 0.2.4 8.08 82.20 90.28 NOTE
r-release-macos-arm64 0.2.4 67.00 NOTE
r-release-macos-x86_64 0.2.4 90.00 NOTE
r-release-windows-x86_64 0.2.4 13.00 95.00 108.00 NOTE
r-oldrel-macos-arm64 0.2.4 66.00 OK
r-oldrel-macos-x86_64 0.2.4 83.00 OK
r-oldrel-windows-x86_64 0.2.4 15.00 105.00 120.00 OK

Check Details

Version: 0.2.4
Check: Rd files
Result: NOTE checkRd: (-1) get_profile.Rd:22: Lost braces in \itemize; \value handles \item{}{} directly checkRd: (-1) get_profile.Rd:23: Lost braces in \itemize; \value handles \item{}{} directly checkRd: (-1) get_profile.Rd:24: Lost braces in \itemize; \value handles \item{}{} directly checkRd: (-1) get_profile.Rd:25: Lost braces in \itemize; \value handles \item{}{} directly checkRd: (-1) get_profile.Rd:26: Lost braces in \itemize; \value handles \item{}{} directly Flavors: r-devel-linux-x86_64-debian-clang, r-devel-linux-x86_64-fedora-clang, r-devel-linux-x86_64-fedora-gcc, r-devel-windows-x86_64, r-patched-linux-x86_64, r-release-linux-x86_64, r-release-macos-arm64, r-release-macos-x86_64, r-release-windows-x86_64

Version: 0.2.4
Check: package dependencies
Result: ERROR Packages required but not available: 'dplyr', 'rvest', 'stringr', 'tidygraph', 'ggraph', 'ggplot2' Packages suggested but not available for checking: 'roxygen2', 'testthat' See section ‘The DESCRIPTION file’ in the ‘Writing R Extensions’ manual. Flavor: r-devel-linux-x86_64-debian-gcc