CRAN Package Check Results for Package secrlinear

Last updated on 2024-07-14 05:53:43 CEST.

Flavor Version Tinstall Tcheck Ttotal Status Flags
r-devel-linux-x86_64-debian-clang 1.2.2 36.52 464.91 501.43 OK
r-devel-linux-x86_64-debian-gcc 1.2.2 32.76 324.13 356.89 OK
r-devel-linux-x86_64-fedora-clang 1.2.2 646.47 OK
r-devel-linux-x86_64-fedora-gcc 1.2.2 581.21 OK
r-devel-windows-x86_64 1.2.2 31.00 318.00 349.00 NOTE
r-patched-linux-x86_64 1.2.2 39.12 409.88 449.00 OK
r-release-linux-x86_64 1.2.2 39.08 431.44 470.52 OK
r-release-macos-arm64 1.2.2 138.00 ERROR
r-release-macos-x86_64 1.2.2 233.00 ERROR
r-release-windows-x86_64 1.2.2 32.00 319.00 351.00 OK
r-oldrel-macos-arm64 1.2.2 155.00 OK
r-oldrel-macos-x86_64 1.2.2 387.00 OK
r-oldrel-windows-x86_64 1.2.2 42.00 408.00 450.00 OK

Check Details

Version: 1.2.2
Check: Rd cross-references
Result: NOTE Found the following Rd file(s) with Rd \link{} targets missing package anchors: linearmask.object.Rd: mask make.line.Rd: make.grid plotmethods.Rd: plot.mask read.linearmask.Rd: SpatialLinesDataFrame showpath.Rd: get.shortest.paths utility.Rd: edges, SpatialLinesDataFrame Please provide package anchors for all Rd \link{} targets not in the package itself and the base packages. Flavor: r-devel-windows-x86_64

Version: 1.2.2
Check: re-building of vignette outputs
Result: ERROR Error(s) in re-building vignettes: ... --- re-building ‘secrlinear-vignette.Rmd’ using rmarkdown Quitting from lines 585-611 [secrdesign] (secrlinear-vignette.Rmd) Error: processing vignette 'secrlinear-vignette.Rmd' failed with diagnostics: $ operator is invalid for atomic vectors --- failed re-building ‘secrlinear-vignette.Rmd’ SUMMARY: processing the following file failed: ‘secrlinear-vignette.Rmd’ Error: Vignette re-building failed. Execution halted Flavors: r-release-macos-arm64, r-release-macos-x86_64