CRAN Package Check Results for Package sendmailR

Last updated on 2024-06-25 07:06:34 CEST.

Flavor Version Tinstall Tcheck Ttotal Status Flags
r-devel-linux-x86_64-debian-clang 1.4-0 2.17 28.82 30.99 NOTE
r-devel-linux-x86_64-debian-gcc 1.4-0 1.77 22.14 23.91 NOTE
r-devel-linux-x86_64-fedora-clang 1.4-0 41.01 NOTE
r-devel-linux-x86_64-fedora-gcc 1.4-0 50.70 NOTE
r-devel-windows-x86_64 1.4-0 3.00 45.00 48.00 NOTE
r-patched-linux-x86_64 1.4-0 2.33 28.62 30.95 NOTE
r-release-linux-x86_64 1.4-0 2.15 27.26 29.41 NOTE
r-release-macos-arm64 1.4-0 22.00 NOTE
r-release-macos-x86_64 1.4-0 34.00 NOTE
r-release-windows-x86_64 1.4-0 4.00 46.00 50.00 NOTE
r-oldrel-macos-arm64 1.4-0 22.00 OK
r-oldrel-macos-x86_64 1.4-0 32.00 OK
r-oldrel-windows-x86_64 1.4-0 3.00 48.00 51.00 OK

Check Details

Version: 1.4-0
Check: Rd files
Result: NOTE checkRd: (-1) sendmail_options.Rd:32-35: Lost braces in \itemize; meant \describe ? checkRd: (-1) sendmail_options.Rd:36-37: Lost braces in \itemize; meant \describe ? checkRd: (-1) sendmail_options.Rd:38-39: Lost braces in \itemize; meant \describe ? Flavors: r-devel-linux-x86_64-debian-clang, r-devel-linux-x86_64-debian-gcc, r-devel-linux-x86_64-fedora-clang, r-devel-linux-x86_64-fedora-gcc, r-devel-windows-x86_64, r-patched-linux-x86_64, r-release-linux-x86_64, r-release-macos-arm64, r-release-macos-x86_64, r-release-windows-x86_64