CRAN Package Check Results for Package shinydashboard

Last updated on 2024-07-21 05:57:46 CEST.

Flavor Version Tinstall Tcheck Ttotal Status Flags
r-devel-linux-x86_64-debian-clang 0.7.2 4.73 40.35 45.08 OK
r-devel-linux-x86_64-debian-gcc 0.7.2 3.11 31.10 34.21 NOTE
r-devel-linux-x86_64-fedora-clang 0.7.2 57.71 OK
r-devel-linux-x86_64-fedora-gcc 0.7.2 53.14 OK
r-devel-windows-x86_64 0.7.2 6.00 62.00 68.00 NOTE
r-patched-linux-x86_64 0.7.2 10.09 39.44 49.53 OK
r-release-linux-x86_64 0.7.2 4.76 39.31 44.07 OK
r-release-macos-arm64 0.7.2 21.00 OK
r-release-macos-x86_64 0.7.2 30.00 OK
r-release-windows-x86_64 0.7.2 5.00 55.00 60.00 OK
r-oldrel-macos-arm64 0.7.2 21.00 OK
r-oldrel-macos-x86_64 0.7.2 31.00 OK
r-oldrel-windows-x86_64 0.7.2 7.00 59.00 66.00 OK

Check Details

Version: 0.7.2
Check: Rd cross-references
Result: NOTE Found the following Rd file(s) with Rd \link{} targets missing package anchors: renderDropdownMenu.Rd: HTML renderMenu.Rd: HTML, uiOutput renderValueBox.Rd: HTML tabBox.Rd: tabPanel Please provide package anchors for all Rd \link{} targets not in the package itself and the base packages. Flavors: r-devel-linux-x86_64-debian-gcc, r-devel-windows-x86_64