CRAN Package Check Results for Package simsurv

Last updated on 2024-07-14 05:53:44 CEST.

Flavor Version Tinstall Tcheck Ttotal Status Flags
r-devel-linux-x86_64-debian-clang 1.0.0 2.95 439.67 442.62 NOTE
r-devel-linux-x86_64-debian-gcc 1.0.0 2.61 286.62 289.23 NOTE
r-devel-linux-x86_64-fedora-clang 1.0.0 439.48 NOTE
r-devel-linux-x86_64-fedora-gcc 1.0.0 402.18 NOTE
r-devel-windows-x86_64 1.0.0 3.00 261.00 264.00 NOTE
r-patched-linux-x86_64 1.0.0 3.06 403.05 406.11 NOTE
r-release-linux-x86_64 1.0.0 3.21 414.40 417.61 NOTE
r-release-macos-arm64 1.0.0 117.00 NOTE
r-release-macos-x86_64 1.0.0 314.00 NOTE
r-release-windows-x86_64 1.0.0 4.00 263.00 267.00 NOTE
r-oldrel-macos-arm64 1.0.0 121.00 NOTE
r-oldrel-macos-x86_64 1.0.0 231.00 NOTE
r-oldrel-windows-x86_64 1.0.0 4.00 360.00 364.00 NOTE

Check Details

Version: 1.0.0
Check: package subdirectories
Result: NOTE Problems with news in ‘NEWS.md’: Cannot extract version info from the following section titles: Version (Date) Flavors: r-devel-linux-x86_64-debian-clang, r-devel-linux-x86_64-debian-gcc, r-devel-linux-x86_64-fedora-clang, r-devel-linux-x86_64-fedora-gcc, r-devel-windows-x86_64, r-patched-linux-x86_64, r-release-linux-x86_64, r-release-macos-arm64, r-release-macos-x86_64, r-release-windows-x86_64, r-oldrel-macos-arm64, r-oldrel-macos-x86_64, r-oldrel-windows-x86_64