CRAN Package Check Results for Package sjlabelled

Last updated on 2024-06-13 06:58:19 CEST.

Flavor Version Tinstall Tcheck Ttotal Status Flags
r-devel-linux-x86_64-debian-clang 1.2.0 4.75 64.94 69.69 OK
r-devel-linux-x86_64-debian-gcc 1.2.0 3.18 43.05 46.23 ERROR
r-devel-linux-x86_64-fedora-clang 1.2.0 90.23 OK
r-devel-linux-x86_64-fedora-gcc 1.2.0 97.91 OK
r-devel-windows-x86_64 1.2.0 5.00 74.00 79.00 OK
r-patched-linux-x86_64 1.2.0 5.98 62.84 68.82 OK
r-release-linux-x86_64 1.2.0 5.29 61.41 66.70 OK
r-release-macos-arm64 1.2.0 37.00 OK
r-release-macos-x86_64 1.2.0 54.00 OK
r-release-windows-x86_64 1.2.0 6.00 83.00 89.00 OK
r-oldrel-macos-arm64 1.2.0 34.00 OK
r-oldrel-macos-x86_64 1.2.0 53.00 OK
r-oldrel-windows-x86_64 1.2.0 6.00 81.00 87.00 OK

Check Details

Version: 1.2.0
Check: package dependencies
Result: NOTE Packages suggested but not available for checking: 'dplyr', 'haven', 'sjmisc', 'sjPlot', 'snakecase', 'testthat' Flavor: r-devel-linux-x86_64-debian-gcc

Version: 1.2.0
Check: examples
Result: ERROR Running examples in ‘sjlabelled-Ex.R’ failed The error most likely occurred in: > base::assign(".ptime", proc.time(), pos = "CheckExEnv") > ### Name: add_labels > ### Title: Add, replace or remove value labels of variables > ### Aliases: add_labels replace_labels remove_labels > > ### ** Examples > > # add_labels() > data(efc) > get_labels(efc$e42dep) [1] "independent" "slightly dependent" "moderately dependent" [4] "severely dependent" > > x <- add_labels(efc$e42dep, labels = c(`nothing` = 5)) Error in get_na_helper(x, as.tag) : Package 'haven' required for this function. Please install it. Calls: add_labels ... add_labels_helper -> get_na -> get_na.default -> get_na_helper Execution halted Flavor: r-devel-linux-x86_64-debian-gcc

Version: 1.2.0
Check: tests
Result: ERROR Running ‘testthat.R’ [0s/1s] Running the tests in ‘tests/testthat.R’ failed. Complete output: > library(testthat) Error in library(testthat) : there is no package called 'testthat' Execution halted Flavor: r-devel-linux-x86_64-debian-gcc