CRAN Package Check Results for Package skewlmm

Last updated on 2024-06-13 06:58:19 CEST.

Flavor Version Tinstall Tcheck Ttotal Status Flags
r-devel-linux-x86_64-debian-clang 1.1.0 41.54 228.71 270.25 OK
r-devel-linux-x86_64-debian-gcc 1.1.0 0.34 1.60 1.94 ERROR
r-devel-linux-x86_64-fedora-clang 1.1.0 331.38 OK
r-devel-linux-x86_64-fedora-gcc 1.1.0 315.21 OK
r-devel-windows-x86_64 1.1.0 31.00 154.00 185.00 OK
r-patched-linux-x86_64 1.1.0 30.58 221.73 252.31 OK
r-release-linux-x86_64 1.1.0 24.39 222.48 246.87 OK
r-release-macos-arm64 1.1.0 74.00 OK
r-release-macos-x86_64 1.1.0 113.00 OK
r-release-windows-x86_64 1.1.0 32.00 158.00 190.00 OK
r-oldrel-macos-arm64 1.1.0 64.00 OK
r-oldrel-macos-x86_64 1.1.0 197.00 OK
r-oldrel-windows-x86_64 1.1.0 44.00 202.00 246.00 OK

Check Details

Version: 1.1.0
Check: package dependencies
Result: ERROR Packages required but not available: 'dplyr', 'furrr', 'ggplot2', 'ggrepel', 'haven', 'purrr' See section ‘The DESCRIPTION file’ in the ‘Writing R Extensions’ manual. Flavor: r-devel-linux-x86_64-debian-gcc