CRAN Package Check Results for Package slackr

Last updated on 2024-06-13 06:58:19 CEST.

Flavor Version Tinstall Tcheck Ttotal Status Flags
r-devel-linux-x86_64-debian-clang 3.3.1 4.56 61.03 65.59 OK
r-devel-linux-x86_64-debian-gcc 3.3.1 0.34 1.84 2.18 ERROR
r-devel-linux-x86_64-fedora-clang 3.3.1 85.05 OK
r-devel-linux-x86_64-fedora-gcc 3.3.1 91.67 OK
r-devel-windows-x86_64 3.3.1 6.00 68.00 74.00 OK
r-patched-linux-x86_64 3.3.1 5.88 57.96 63.84 OK
r-release-linux-x86_64 3.3.1 6.45 58.12 64.57 OK
r-release-macos-arm64 3.3.1 35.00 OK
r-release-macos-x86_64 3.3.1 53.00 OK
r-release-windows-x86_64 3.3.1 7.00 74.00 81.00 OK
r-oldrel-macos-arm64 3.3.1 36.00 OK
r-oldrel-macos-x86_64 3.3.1 56.00 OK
r-oldrel-windows-x86_64 3.3.1 9.00 77.00 86.00 OK

Check Details

Version: 3.3.1
Check: package dependencies
Result: ERROR Packages required but not available: 'dplyr', 'tibble' Packages suggested but not available for checking: 'ggplot2', 'testthat', 'texPreview' See section ‘The DESCRIPTION file’ in the ‘Writing R Extensions’ manual. Flavor: r-devel-linux-x86_64-debian-gcc