CRAN Package Check Results for Package sleepr

Last updated on 2024-07-18 06:57:36 CEST.

Flavor Version Tinstall Tcheck Ttotal Status Flags
r-devel-linux-x86_64-debian-clang 0.3.0 3.31 41.20 44.51 NOTE
r-devel-linux-x86_64-debian-gcc 0.3.0 1.99 40.46 42.45 NOTE
r-devel-linux-x86_64-fedora-clang 0.3.0 66.23 NOTE
r-devel-linux-x86_64-fedora-gcc 0.3.0 58.05 NOTE
r-devel-windows-x86_64 0.3.0 4.00 54.00 58.00 NOTE
r-patched-linux-x86_64 0.3.0 4.24 46.24 50.48 NOTE
r-release-linux-x86_64 0.3.0 3.20 47.56 50.76 NOTE
r-release-macos-arm64 0.3.0 23.00 NOTE
r-release-macos-x86_64 0.3.0 35.00 NOTE
r-release-windows-x86_64 0.3.0 4.00 56.00 60.00 NOTE
r-oldrel-macos-arm64 0.3.0 24.00 NOTE
r-oldrel-macos-x86_64 0.3.0 34.00 NOTE
r-oldrel-windows-x86_64 0.3.0 4.00 59.00 63.00 NOTE

Check Details

Version: 0.3.0
Check: LazyData
Result: NOTE 'LazyData' is specified without a 'data' directory Flavors: r-devel-linux-x86_64-debian-clang, r-devel-linux-x86_64-debian-gcc, r-devel-linux-x86_64-fedora-clang, r-devel-linux-x86_64-fedora-gcc, r-devel-windows-x86_64, r-patched-linux-x86_64, r-release-linux-x86_64, r-release-macos-arm64, r-release-macos-x86_64, r-release-windows-x86_64, r-oldrel-macos-arm64, r-oldrel-macos-x86_64, r-oldrel-windows-x86_64

Version: 0.3.0
Check: Rd cross-references
Result: NOTE Found the following Rd file(s) with Rd \link{} targets missing package anchors: bout_analysis.Rd: data.table, behavr curate_dead_animals.Rd: data.table, behavr sleep_annotation.Rd: data.table, behavr Please provide package anchors for all Rd \link{} targets not in the package itself and the base packages. Flavor: r-devel-windows-x86_64