CRAN Package Check Results for Package smoothic

Last updated on 2024-07-21 05:57:47 CEST.

Flavor Version Tinstall Tcheck Ttotal Status Flags
r-devel-linux-x86_64-debian-clang 1.2.0 10.42 159.13 169.55 OK
r-devel-linux-x86_64-debian-gcc 1.2.0 7.82 116.89 124.71 NOTE
r-devel-linux-x86_64-fedora-clang 1.2.0 211.73 OK
r-devel-linux-x86_64-fedora-gcc 1.2.0 214.83 OK
r-devel-windows-x86_64 1.2.0 13.00 127.00 140.00 NOTE
r-patched-linux-x86_64 1.2.0 14.56 153.89 168.45 OK
r-release-linux-x86_64 1.2.0 7.34 151.66 159.00 OK
r-release-macos-arm64 1.2.0 52.00 OK
r-release-macos-x86_64 1.2.0 91.00 OK
r-release-windows-x86_64 1.2.0 10.00 133.00 143.00 OK
r-oldrel-macos-arm64 1.2.0 62.00 OK
r-oldrel-macos-x86_64 1.2.0 120.00 OK
r-oldrel-windows-x86_64 1.2.0 14.00 153.00 167.00 OK

Check Details

Version: 1.2.0
Check: Rd cross-references
Result: NOTE Found the following Rd file(s) with Rd \link{} targets missing package anchors: plot_paths.Rd: facet_wrap Please provide package anchors for all Rd \link{} targets not in the package itself and the base packages. Flavors: r-devel-linux-x86_64-debian-gcc, r-devel-windows-x86_64