CRAN Package Check Results for Package socialranking

Last updated on 2024-07-13 06:49:52 CEST.

Flavor Version Tinstall Tcheck Ttotal Status Flags
r-devel-linux-x86_64-debian-clang 1.2.0 6.16 77.80 83.96 OK
r-devel-linux-x86_64-debian-gcc 1.2.0 4.26 59.39 63.65 OK
r-devel-linux-x86_64-fedora-clang 1.2.0 104.26 NOTE
r-devel-linux-x86_64-fedora-gcc 1.2.0 113.54 OK
r-devel-windows-x86_64 1.2.0 6.00 106.00 112.00 OK
r-patched-linux-x86_64 1.2.0 6.21 76.13 82.34 OK
r-release-linux-x86_64 1.2.0 5.17 75.94 81.11 OK
r-release-macos-arm64 1.2.0 47.00 OK
r-release-macos-x86_64 1.2.0 62.00 OK
r-release-windows-x86_64 1.2.0 5.00 106.00 111.00 OK
r-oldrel-macos-arm64 1.2.0 51.00 OK
r-oldrel-macos-x86_64 1.2.0 98.00 OK
r-oldrel-windows-x86_64 1.2.0 7.00 113.00 120.00 OK

Check Details

Version: 1.2.0
Check: Rd cross-references
Result: NOTE Undeclared package ‘numbers’ in Rd xrefs Flavor: r-devel-linux-x86_64-fedora-clang