CRAN Package Check Results for Package spsur

Last updated on 2024-06-13 06:58:19 CEST.

Flavor Version Tinstall Tcheck Ttotal Status Flags
r-devel-linux-x86_64-debian-clang 1.0.2.5 22.68 188.16 210.84 NOTE
r-devel-linux-x86_64-debian-gcc 1.0.2.5 0.68 1.98 2.66 ERROR
r-devel-linux-x86_64-fedora-clang 1.0.2.5 260.05 NOTE
r-devel-linux-x86_64-fedora-gcc 1.0.2.5 263.35 NOTE
r-devel-windows-x86_64 1.0.2.5 21.00 138.00 159.00 NOTE
r-patched-linux-x86_64 1.0.2.5 29.19 179.89 209.08 NOTE
r-release-linux-x86_64 1.0.2.5 21.64 174.69 196.33 NOTE
r-release-macos-arm64 1.0.2.5 77.00 NOTE
r-release-macos-x86_64 1.0.2.5 122.00 NOTE
r-release-windows-x86_64 1.0.2.5 23.00 145.00 168.00 NOTE
r-oldrel-macos-arm64 1.0.2.5 83.00 OK
r-oldrel-macos-x86_64 1.0.2.5 134.00 OK
r-oldrel-windows-x86_64 1.0.2.5 27.00 173.00 200.00 OK

Check Details

Version: 1.0.2.5
Check: Rd files
Result: NOTE checkRd: (-1) impactspsur.Rd:42: Lost braces; missing escapes or markup? 42 | and a matching \code{Qres} list attribute if {Q} was given. | ^ checkRd: (-1) spsur3sls.Rd:158: Lost braces; missing escapes or markup? 158 | the matrix of regressors, of order \emph{(Nxp_{g})}. Moreover, | ^ checkRd: (-1) spsurgs3sls.Rd:67: Lost braces; missing escapes or markup? 67 | \item{het}{default {FALSE}: if {TRUE} uses the methods | ^ checkRd: (-1) spsurgs3sls.Rd:67: Lost braces; missing escapes or markup? 67 | \item{het}{default {FALSE}: if {TRUE} uses the methods | ^ Flavors: r-devel-linux-x86_64-debian-clang, r-devel-linux-x86_64-fedora-clang, r-devel-linux-x86_64-fedora-gcc, r-devel-windows-x86_64, r-patched-linux-x86_64, r-release-linux-x86_64, r-release-macos-arm64, r-release-macos-x86_64, r-release-windows-x86_64

Version: 1.0.2.5
Check: package dependencies
Result: ERROR Packages required but not available: 'ggplot2', 'sphet' Package suggested but not available for checking: ‘dplyr’ See section ‘The DESCRIPTION file’ in the ‘Writing R Extensions’ manual. Flavor: r-devel-linux-x86_64-debian-gcc